(f) = -14*f**2 - 1746*f + 516. Suppose 2*s = -0*s + 372. Suppose -2*o - o + s = 0. What is the remainder when o is divided by k(-125)?
14
Suppose 0 = 10*u - 13*u + 30. Suppose 0 = -g + 2*t + 11, 3*g - 6 = -0*t - 3*t. Suppose 4*v - g*v + 16 = 0. What is the remainder when v is divided by u?
6
Suppose -5*x + 5*v + 1445 = -0*x, -2*v = 5*x - 1459. Suppose 5*y - 101 = -3*c - 0*y, 220 = 5*c - 2*y. Calculate the remainder when x is divided by c.
39
Let x = 2833 - -8661. Calculate the remainder when x is divided by 20.
14
Let f = -5 + 24. Let p = 59 - f. What is the remainder when p is divided by 11/(-22) + 62/4?
10
Let r be (2 - -160)*(-4)/(-8). Let z = r + 14. What is the remainder when z is divided by ((-392)/(-476))/((-1)/(-17))?
11
Let c(w) = 10*w**3 - 8*w**2 + 10*w - 90. Calculate the remainder when c(5) is divided by 23.
21
Suppose -7*v + 147 = 35. Suppose -v = -4*m - 4*u + 16, -5*u = 2*m - 19. Suppose 5*y + 29*y = 2516. Calculate the remainder when y is divided by m.
4
Let f(v) = 4*v**2 + 13*v + 11. Let m be f(-6). Let b = m - 93. Let p(r) = -r**3 - 17*r**2 - 26*r - 24. Calculate the remainder when p(b) is divided by 46.
44
Suppose 1260 - 44 = -4*j. Let n be ((j/(-10))/(-2))/((-1)/5). Suppose 4*p = 2*t - n - 64, -4*t = 2*p - 300. What is the remainder when t is divided by 13?
9
Let q = 1058 - 886. Suppose 175 = 177*x - q*x. What is the remainder when 62 is divided by x?
27
Suppose 141*a = -122*a + 287*a - 576. What is the remainder when 2554 is divided by a?
10
Suppose -j + 137 = -78. Let a = j + -196. Calculate the remainder when 110 is divided by a.
15
Suppose 3*z = 2*x + 198, 18*z - 14*z + 2*x - 236 = 0. Calculate the remainder when 269 is divided by z.
21
Suppose 21*c - 152 - 415 = 0. Calculate the remainder when 60 is divided by c.
6
Suppose -k - n = 101 - 378, k = 5*n + 247. Suppose 0 = -3*x + b + k, 3*x + 3*b - 264 = 6*b. What is the remainder when x is divided by 28?
8
Let c be 4/(-3) + (1114/(-3))/2. Let p = c + 240. Calculate the remainder when 158 is divided by p.
52
Let t = 121 - -161. Calculate the remainder when t is divided by (-1)/(-3) + 3773/(-2352)*-16.
22
Suppose -3*m = -2*m - 0*m - 148. Calculate the remainder when m is divided by 139.
9
Let f(b) = -6*b**3 - 3*b**2 - 5*b - 3. Let u(m) = 12*m**3 + 4*m**2 + 12*m + 5. Let c(o) = 5*f(o) + 3*u(o). What is the remainder when c(3) is divided by 58?
52
Suppose 0 = n + 7 - 7. Suppose b + 1 = -3*x, 5*x + n*x - 35 = -5*b. Let l = -20 + 36. Calculate the remainder when l is divided by b.
5
What is the remainder when (28 + (-13 - -4) + -17)*(-3037)/(-2) is divided by 76?
73
Suppose -3*k = 2*x - 42, 61 - 62 = -k - 5*x. What is the remainder when 252 is divided by k?
12
Let a be -4 - (-5 + 3)*9. Suppose 0 = a*m - 8*m - 102. What is the remainder when (-3 - -4)*(132 + 1) is divided by m?
14
Suppose 3*l - 9 = -14*j + 18*j, l = 5*j + 3. Suppose 25*u - 1177 - 3548 = j. Calculate the remainder when u is divided by 28.
21
Let d(n) = 2*n**2 + 10*n - 1763. Calculate the remainder when d(29) is divided by 126.
83
Let i(m) = -2*m**3 - 9*m**2 + 4*m + 3. Let g be i(-4). Let s(c) = -c**2 - 30*c + 64. Calculate the remainder when s(g) is divided by 5.
3
Let x(b) = -2*b**3 - 18 - 4*b + 6*b + 10*b**2 + 7*b + 3*b**3. Suppose 9*m + 116 = 44. What is the remainder when 188 is divided by x(m)?
36
Suppose 4*z - 10*b - 21 = -5*b, -b = -2*z + 9. Suppose 0 = 17*j - 18*j - 2*w + 39, -4*j - z*w + 144 = 0. Calculate the remainder when j is divided by 16.
1
What is the remainder when 875 is divided by (-1124930)/(-1387) - 3/57?
64
Let s = 7817 - 7774. Let z(m) = 2*m**2 - 16*m - 4. Calculate the remainder when z(13) is divided by s.
40
Let y(k) = 4*k**3 - 2*k**2 - k - 3. Let d be (-2 - 98/(-35))/(2/5). What is the remainder when y(d) is divided by 6?
1
Let g(h) = h**2 - h + 77. Let q = 22 + -14. Suppose -10*j + q*j = 0. Calculate the remainder when g(j) is divided by 27.
23
Let j(a) = a**3 - a**2 - a + 2. Let b be j(2). Suppose 0*v = b*z + 4*v - 224, -z + 40 = -3*v. What is the remainder when 109 is divided by z?
5
Let w(m) = 44*m - 26. Let f be w(5). Suppose c = -5 + 38. Calculate the remainder when ((-35)/10 - -3)/((-1)/f) is divided by c.
31
Let d be 1/(-5) - (-14)/70. Suppose d = 5*r + 2*r - 266. What is the remainder when r is divided by 3/(-3) - (4 + -19)?
10
Let r(v) = v**3 - 31*v**2 + 20*v + 22. Let c(k) = 2*k**3 - 61*k**2 + 41*k + 43. Let y(w) = -3*c(w) + 5*r(w). What is the remainder when y(27) is divided by 23?
20
Let w = -541 + -129. Let s = w - -1003. Calculate the remainder when s is divided by 24.
21
Let o(d) = d**2 + 174*d + 7699. What is the remainder when o(-92) is divided by 74?
7
Suppose -z = 4, -3*m = m - 4*z + 496. Let r = m - -249. Let s = -94 + r. What is the remainder when 133 is divided by s?
25
What is the remainder when 363 is divided by 504/(-18)*(-7)/14?
13
Suppose 34*u - 97 - 991 = 0. Calculate the remainder when 35 is divided by u.
3
Let h = 364 - 223. Let d = -92 + h. Let m = -392 - -418. What is the remainder when d is divided by m?
23
Suppose 52*a - 111*a + 55*a = -840. What is the remainder when 440 is divided by a?
20
Suppose -2*v + 0*g = -g - 6, -2*g = -3*v + 11. Let t(d) = 8*d**2 - d. What is the remainder when (3458/(-152))/((-7)/4) is divided by t(v)?
6
Let w = 115 - 115. Suppose 3*i + 3*t - 2*t - 99 = w, -5*i - 3*t = -169. Calculate the remainder when (-2)/8 + (-249)/(-4) is divided by i.
30
Suppose 5*b - 15 = 5*t, t - 9 = -2*b - 0. Suppose -z = 0, b*r - 5*r + 2*z = -16. Calculate the remainder when 94 is divided by r.
14
Let k = -879 - -894. Calculate the remainder when k is divided by 7.
1
Suppose -73 = -3*f - 5*u, 26 = 2*f - f + 2*u. What is the remainder when 5 - -1 - -87 - -4 is divided by (-5)/(2*(-4)/f)?
7
Calculate the remainder when 34 is divided by 43 - (-108)/((-204)/17).
0
Suppose -3*g - 1453 = -5*m, 8*m - 873 = 5*m + 3*g. Calculate the remainder when m is divided by 75.
65
Suppose -i = -p - 4*p - 60, 3*i = -2*p + 146. Suppose -1 + i = w. Let g = -33 + w. What is the remainder when 57 is divided by g?
9
Suppose -11*s - 228 = -13*s + 4*t, t = 5*s - 597. What is the remainder when 1198 is divided by s?
118
Let x(z) = -32*z + 377. Calculate the remainder when 447 is divided by x(11).
22
Let c be (4/(-6))/(4/6). Let v be c*1*(-614)/2. Suppose 3*n - v = -112. What is the remainder when n is divided by 17?
14
Calculate the remainder when 747 is divided by -7 + 354 + ((-42)/(-18))/(-7)*-6.
49
Suppose 0*h = -5*y - 2*h + 21, -2*y - 3*h + 15 = 0. Suppose 3*t - 198 = -3*d + 201, y*t - 2*d = 384. What is the remainder when t is divided by 19?
16
Let d(x) = x**3 + 13*x**2 - 97*x - 1256. Calculate the remainder when 529 is divided by d(-11).
52
Suppose 0 = -12*x + 4*x + 16. Suppose x*k - 3*o = 55, 103 = 4*k + 5*o - 18. What is the remainder when 47 is divided by k?
18
Let h = -265 + 273. Let p = 33 + -23. Calculate the remainder when 2*((-169)/(-10) + h/(-20)) is divided by p.
3
Let c(h) be the first derivative of 6*h**2 + 7*h + 5. Let m be c(-9). Let i = -70 - m. Calculate the remainder when 122 is divided by i.
29
Let g(c) = 2*c**2 - 23*c + 13. Let t be g(11). Suppose q + 22 = t*v + 3*q, v = -3*q + 15. Calculate the remainder when v is divided by 9.
0
Let v = 6054 - 6024. Calculate the remainder when 658 is divided by v.
28
What is the remainder when 2841 is divided by 2/(-9)*(21/(168/(-5792)) - -13)?
155
Let r = 9083 + -9068. What is the remainder when r is divided by 9?
6
Let h(t) = -130*t - 897. Calculate the remainder when 318 is divided by h(-7).
6
Suppose -v - 3*w = -35, -56*v - 5*w = -57*v + 59. What is the remainder when 4499 is divided by v?
11
Suppose -276 + 38 = 7*p. Let a be (p/6 - -1)/((-6)/(-27)). Let n = a - -36. Calculate the remainder when 29 is divided by n.
14
Suppose 21*x + 99*x - 1200 = 0. Calculate the remainder when 525 is divided by x.
5
Suppose -4*h = 4*r - 22 - 34, 0 = -2*r - 3*h + 28. Calculate the remainder when 8581 is divided by r.
13
Let q(v) = 154*v - 2374. Calculate the remainder when q(25) is divided by 248.
236
Let g = 219 - 211. Suppose g*j - 47 = 97. What is the remainder when 53 is divided by j?
17
Let g(q) = 4*q**2 - 334*q - 460. What is the remainder when 144 is divided by g(85)?
44
Let p(r) = -510*r**2 + 70*r - 55. Let j(i) = 73*i